1 a multiple of 1021?
True
Does 977 divide 112079486?
True
Is 57677479 a multiple of 144?
False
Is 5954 a factor of 3365069812?
True
Does 385 divide 158303523?
False
Is 2693262 a multiple of 949?
True
Is 29248341 a multiple of 34?
False
Is 24 a factor of 12071352?
True
Does 362 divide 93668084?
False
Is 82437930 a multiple of 51?
True
Is 657 a factor of 208663857?
True
Does 25 divide 1421383641?
False
Is 267 a factor of 189128115?
True
Is 453 a factor of 2397351198?
True
Is 24658970 a multiple of 35?
True
Is 67 a factor of 790049573?
False
Is 51987877 a multiple of 31?
False
Is 3458 a factor of 3313902841?
False
Is 9 a factor of 782825490?
True
Does 22 divide 4967889635?
False
Does 139 divide 1372768?
False
Is 120 a factor of 1078560?
True
Is 1292295780 a multiple of 45?
True
Is 324 a factor of 97781739?
False
Is 1761 a factor of 775380606?
False
Is 1271845 a multiple of 5?
True
Does 218 divide 41423058?
False
Is 17 a factor of 78796936?
False
Is 40 a factor of 1535964683?
False
Does 217 divide 113165283?
True
Is 47 a factor of 2084021875?
False
Does 1080 divide 49801842?
False
Is 368 a factor of 211250846?
False
Is 276791935 a multiple of 49?
True
Is 37 a factor of 9268680?
False
Is 228 a factor of 155398416?
True
Is 11 a factor of 1625969138?
False
Is 308740644 a multiple of 267?
True
Does 934 divide 38279056?
True
Is 189 a factor of 21247380?
True
Is 1834665535 a multiple of 37?
True
Is 72 a factor of 112311720?
True
Is 1713605772 a multiple of 19?
False
Does 1242 divide 2102078790?
True
Is 582734810 a multiple of 167?
True
Is 12249508 a multiple of 20?
False
Does 5 divide 278273405?
True
Does 90 divide 1332086040?
True
Is 2 a factor of 430098264?
True
Is 25659675 a multiple of 22?
False
Does 846 divide 275988129?
False
Is 18 a factor of 3084680250?
True
Is 834 a factor of 168108335?
False
Is 85644951 a multiple of 850?
False
Does 373 divide 1244457431?
True
Is 8 a factor of 33953996?
False
Does 13 divide 39494504?
False
Does 874 divide 29723220?
False
Is 24 a factor of 96424320?
True
Does 239 divide 71033668?
True
Is 46397184 a multiple of 384?
True
Is 2831202 a multiple of 7?
False
Is 2 a factor of 47904255?
False
Is 285 a factor of 101239693?
False
Does 5 divide 196126857?
False
Is 71187848 a multiple of 53?
False
Does 22 divide 21671465?
False
Does 5 divide 362547490?
True
Is 20 a factor of 57927720?
True
Is 883582110 a multiple of 113?
False
Is 584271724 a multiple of 3?
False
Does 6600 divide 445348200?
True
Does 54 divide 1332455940?
True
Is 48119071 a multiple of 583?
True
Does 323 divide 13911910?
False
Is 2398067689 a multiple of 1660?
False
Is 2493700542 a multiple of 18?
True
Does 35 divide 64253626?
False
Is 587372346 a multiple of 209?
True
Is 63 a factor of 102563575?
False
Does 7 divide 87806229?
True
Does 2 divide 1422653?
False
Is 36 a factor of 646339?
False
Is 73 a factor of 22040911?
False
Is 60649154 a multiple of 177?
False
Is 764 a factor of 271077132?
True
Is 5 a factor of 8407010?
True
Does 71 divide 1231994201?
True
Does 985 divide 464085705?
True
Is 109144622 a multiple of 11?
False
Does 504 divide 17828496?
True
Is 40 a factor of 3588040?
True
Is 68601820 a multiple of 116?
True
Does 1597 divide 141683868?
False
Is 36 a factor of 1650133620?
True
Does 16 divide 872580928?
True
Is 187 a factor of 23616205?
False
Is 199496411 a multiple of 23?
True
Is 1912558004 a multiple of 17?
True
Is 908 a factor of 64934712?
True
Is 121 a factor of 318087099?
True
Is 54 a factor of 4663641724?
False
Does 5 divide 38556158?
False
Is 4531 a factor of 1130312322?
True
Is 2784 a factor of 769953679?
False
Does 553 divide 191380028?
True
Does 69 divide 212357505?
True
Does 1899 divide 17421426?
True
Does 6000 divide 2261003477?
False
Is 405574074 a multiple of 6960?
False
Is 556242518 a multiple of 16?
False
Does 3 divide 33360527?
False
Does 62 divide 89514641?
False
Does 10 divide 38829554?
False
Is 4 a factor of 46243620?
True
Is 10 a factor of 1424930936?
False
Does 2 divide 499045?
False
Is 98899044 a multiple of 93?
False
Is 2 a factor of 463648?
True
Does 3672 divide 2145068568?
True
Is 3056 a factor of 96027505?
False
Is 270403651 a multiple of 5974?
False
Does 12 divide 744895464?
True
Is 4504816909 a multiple of 96?
False
Is 4141377 a multiple of 32?
False
Is 1502336993 a multiple of 925?
False
Does 52 divide 197184364?
True
Is 14353140 a multiple of 6?
True
Is 1006 a factor of 782486679?
False
Is 2722169 a multiple of 151?
False
Is 180 a factor of 165954780?
True
Does 310 divide 89993545?
False
Is 95 a factor of 146375630?
False
Is 579 a factor of 1177797747?
True
Does 32 divide 2848956350?
False
Is 30 a factor of 61647620?
False
Is 358 a factor of 514620699?
False
Does 35 divide 18883029?
False
Does 12 divide 818040660?
True
Is 195627576 a multiple of 161?
False
Does 1291 divide 81876031?
False
Does 442 divide 4517240?
True
Is 278 a factor of 1093176111?
False
Does 1173 divide 57278763?
True
Is 559597814 a multiple of 16?
False
Does 12 divide 32004744?
True
Is 27 a factor of 382075800?
False
Is 240173766 a multiple of 87?
True
Is 29 a factor of 33915810?
False
Does 17 divide 93113182?
True
Is 46 a factor of 2970752394?
False
Is 173253544 a multiple of 13268?
True
Does 8 divide 20699685?
False
Is 100 a factor of 113608800?
True
Does 5 divide 54412825?
True
Is 1234277830 a multiple of 2556?
False
Is 40 a factor of 409898840?
True
Is 1374397527 a multiple of 183?
True
Is 227815854 a multiple of 2219?
True
Does 2893 divide 84102098?
False
Does 12 divide 6917496?
True
Is 203547368 a multiple of 8?
True
Does 851 divide 134244240?
False
Is 3907 a factor of 1539399281?
False
Is 2151 a factor of 1613082222?
True
Is 3563395 a multiple of 11?
True
Is 12255880 a multiple of 8?
True
Does 3472 divide 878790976?
True
Is 478 a factor of 103361286?
True
Does 172 divide 10320344?
True
Is 1509085272 a multiple of 1172?
False
Is 59 a factor of 112513472?
True
Does 1820 divide 1182715387?
False
Is 262428503 a multiple of 2299?
False
Does 1161 divide 13675920?
False
Is 204 a factor of 6230976?
True
Does 158 divide 49413729?
False
Is 1387674141 a multiple of 375?
False
Is 3172 a factor of 39230019?
False
Is 30532345 a multiple of 815?
True
Is 699392 a multiple of 256?
True
Does 644 divide 17941079?
False
Is 155 a factor of 80432318?
False
Is 2622 a factor of 794466000?
True
Is 29180380 a multiple of 11?
False
Is 244068228 a multiple of 108?
True
Is 113 a factor of 60861009?
True
Is 14 a factor of 984491032?
True
Is 49472621 a multiple of 2459?
True
Is 15 a factor of 614705?
False
Does 36 divide 4588884?
True
Does 40 divide 158205092?
False
Is 126916782 a multiple of 40?
False
Is 39 a factor of 259588914?
True
Is 301700318 a multiple of 94?
False
Is 2 a factor of 12249438?
True
Does 22 divide 805756688?
True
Is 1608058111 a multiple of 296?
False
Does 95 divide 896570670?
True
Does 303 divide 1575332754?
True
Is 4880438066 a multiple of 2617?
True
Is 583 a factor of 37384292?
True
Is 469216809 a multiple of 103?
True
Does 3991 divide 673153988?
True
Is 49 a factor of 4228088958?
False
Is 7141092 a multiple of 302?
True
Is 7291422 a multiple of 18?
True
Does 37 divide 762222940?
True
Does 15 divide 21200084?
False
Is 7 a factor of 191749558?
True
Does 1376 divide 1547217056?
True
Is 492 a factor of 296635192?
False
Is 27922458 a multiple of 287?
False
Is 4 a factor of 10861804?
True
Does 17 divide 22748754?
True
Is 25802378 a multiple of 14?
True
Is 194 a factor of 122880853?
False
Is 639427368 a multiple of 63?
False
Does 3 divide 11571065?
False
Is 36706148 a multiple of 429?
False
Is 12 a factor of 20424158?
False
Is 4288 a factor of 2495616?
True
Is 517 a factor of 38221293?
True
Does 1289 divide 564045253?
False
Is 1283921523 a multiple of 145?
False
Is 4 a factor of 140610779?
False
Is 2491 a factor of 42628483?
True
Does 9 divide 173774106?
True
Is 54520656 a multiple of 17?
False
Does 1780 divide 31707140?
True
Is 896042052 a multiple of 12?
True
Is 1349705664 a multiple of 12?
True
Does 1110 divide 2308289266?
False
Is 4735 a factor of 27808303?
False
Is 1318664947 a multiple of 77?
False
Is 179 a factor of 2269620776?
False
Does 9 divide 1619604304?
False
Does 2 divide 4676790?
True
Is 192 a factor of 39364416?
True
Is 1970 a fa